44. Calculate the remainder when y is divided by q.
10
Let p = 369 - 312. Suppose 3*x - 4*l - 80 = 0, 0 = -x + 4*l + 53 - 13. What is the remainder when p is divided by x?
17
Let b(l) = -l**2 + 7*l - 6. Let d be b(4). Let k be (-54)/(-4)*8/d. Suppose -f = f - k. Calculate the remainder when 16 is divided by f.
7
Suppose 2*n - 24 = 3*z, 0*n = -n + 3*z + 12. Calculate the remainder when 42 is divided by -4 - 16/(-12)*n.
6
Calculate the remainder when -46*4/(-32)*8 is divided by 12.
10
Suppose 5*h + 843 - 213 = 0. What is the remainder when 47 is divided by 4/14 + (-3114)/h?
22
Let w = 53 - -19. Suppose -4*n = l - 62 + 1, -2*l + 2*n + w = 0. Calculate the remainder when l is divided by 3 - (-3 - (3 + 12)).
20
Suppose 16*s = 12*s + 40. What is the remainder when 159 is divided by s?
9
Let h be 30/(9/3) + 0. Let u(c) = c - 3 + h + 15. What is the remainder when 25 is divided by u(-9)?
12
Let q(f) = f**2 + 8*f - 4. Let d(p) = 20*p + 1. Calculate the remainder when q(5) is divided by d(1).
19
Suppose 92 = -6*w + 10*w. What is the remainder when 89 is divided by w?
20
Let g be 4 - ((-1)/1 - -4). Let j = 8 + g. Suppose -4*z = 1 - j. What is the remainder when z is divided by 2?
0
Let q(o) = -o**3 - 6*o**2 - 4*o + 6. Let t be q(-5). Suppose 5*p + t = 21. Let j(z) = z**2 - 3*z - 3. Calculate the remainder when j(p) is divided by 1.
0
Let i be 2/(-4)*(1 + -5). Let k(z) = -5 + 1 + z**i + 4*z + 0*z**2. What is the remainder when 15 is divided by k(-6)?
7
Let y(h) = -11*h - 5. Calculate the remainder when y(-1) is divided by 6.
0
Let l = 5 + 6. What is the remainder when l is divided by 4?
3
Let a(h) be the third derivative of -h**4/12 - h**3/2 - 3*h**2. Suppose -21 = 3*b - 9. What is the remainder when a(b) is divided by 3?
2
Let k = 49 - 33. What is the remainder when 60 is divided by k?
12
Suppose -o - 80 = -4*k, 0 = -2*k + 2*o + 51 - 5. Calculate the remainder when 36 is divided by k.
17
Let l = -44 + 133. What is the remainder when l is divided by 30?
29
Suppose -3*x + 9 = -0*x. Calculate the remainder when ((-6)/7)/((-384)/(-56) - 7) is divided by x.
0
Let h(j) = -j**2 + 7*j. Let s be h(6). Suppose m = s*m - 70. What is the remainder when 27 is divided by m?
13
Suppose -5*g + 128 = -g. Let a(h) = 5*h - 2 - 4*h + 13. What is the remainder when g is divided by a(0)?
10
Let u(m) = m + 26. What is the remainder when 75 is divided by u(0)?
23
Let u(t) = -8*t. Let q be u(6). Let x = q + 83. What is the remainder when x is divided by 12?
11
Let i be 10/45 - 2/9. Suppose -j + i*j + 5 = -5*r, 4*r = -4*j + 20. Calculate the remainder when 12 is divided by j.
2
What is the remainder when 34 is divided by 75/(-100) - 86/(-8)?
4
Suppose 0 = 4*s - 9*s + 25. Suppose 2*w - 38 = -4*m, -s*w + 0*m + 4*m + 25 = 0. Calculate the remainder when w is divided by 6.
3
Let w = 54 - 36. Calculate the remainder when 35 is divided by w.
17
Let h = -4 + 4. Suppose 3*r + 7 - 22 = h. Suppose -r*o + 55 = 4*w, -w + 0*w + o = -16. What is the remainder when w is divided by 8?
7
Let p(b) = -10*b**3 + b. Let w be p(1). Let a = w - -12. What is the remainder when a is divided by 2?
1
Suppose 18 = 4*u + 5*w - 0*w, -5*u - 4*w + 18 = 0. Suppose u*r - 13 = 15. Calculate the remainder when r is divided by 6.
2
Calculate the remainder when (-4)/12*-1*-3*-26 is divided by 7.
5
Suppose 3*b - 6 = -4*p + 126, 0 = -3*b - p + 132. Suppose -b = -g - 3*g. What is the remainder when g is divided by 7?
4
Let c be (0/2)/(-3 + 1). Suppose 4*r - 124 = -c*r. Let d = r + -12. Calculate the remainder when d is divided by 10.
9
Suppose 5*b + 5*p = 215, -4*b - 90 = -6*b + 2*p. Suppose b - 11 = m. Suppose -3*q + 27 = -0. What is the remainder when m is divided by q?
6
Let t(y) = -2*y**3 - 3*y**2 + 2*y - 2. What is the remainder when t(-3) is divided by (-10)/35 + (-37)/(-7)?
4
Let l = -6 - -5. Let f(y) = -21*y**3 - y**2 - y - 1. What is the remainder when f(l) is divided by 7?
6
Let h = 87 - 84. Calculate the remainder when -1*((1 - 3) + -2) is divided by h.
1
Let g(c) = 29*c - 3. Calculate the remainder when g(2) is divided by 14.
13
Let t(p) = -2*p**2 + 2 + 0 + 2*p + 1 - 2*p**3 + 0*p. Suppose 2*d = 4*d + 6. Calculate the remainder when t(d) is divided by 18.
15
What is the remainder when 35 is divided by 3*((-19)/3)/(-1)?
16
Suppose -3*q - 11 = 13. What is the remainder when -12*1*6/q is divided by 4?
1
Let p be 33/21 - (-3)/7. Suppose 4*j - 4*l = 260, 88 = -4*j - p*l + 318. What is the remainder when j is divided by 21?
18
Let d = -13 + 21. Calculate the remainder when 15 is divided by d.
7
Suppose 0*y + 2*y - 248 = 0. Suppose 0 = -m - 4*w + 53, -2*m = -0*m - w - y. Calculate the remainder when m is divided by 21.
19
Suppose 0*f - 20 = -5*f. Suppose -b = -f*b + 3, 28 = 2*j + 2*b. Calculate the remainder when j is divided by (-18)/(-3) + 1 - 0.
6
Let a(k) = -k**3 - 2*k**2 + 4*k + 3. Let m be a(-3). What is the remainder when (-16)/(-72) + 572/18 is divided by -1 + m - (-11 - 1)?
10
Let o(p) = 15*p**2 - 2*p + 2. Let q be (-4)/(-2 + (0 - 0)). What is the remainder when o(q) is divided by 15?
13
Suppose 6 + 17 = v. Suppose -v = -o - 2*p, -5*p + 10 = o - 25. What is the remainder when 58 is divided by o?
13
Suppose -2*x - 4*g = 16, -5*g - 16 - 15 = -3*x. Suppose 2*y + 4 = n - 3*n, -y = -3*n + 2. Calculate the remainder when 12 is divided by 6 + (x - (-1 - y)).
5
Let l = 57 + -31. Calculate the remainder when 49 is divided by l.
23
Let z(h) = h**3 + 2*h**2 + h. Calculate the remainder when 52 is divided by z(2).
16
Let l(w) = 2*w - 4. Let q be l(3). Suppose 0 = -q*k - k + 3. Let f = 28 + -27. Calculate the remainder when k is divided by f.
0
Let w be 1/4 + (-46)/(-8). Let y = 3 - w. Let g = y - -10. Calculate the remainder when 12 is divided by g.
5
Let p(i) = i**2 + 8*i + 2. Let u be p(-7). Let s be 51/15 - (-2)/u. Let c = 0 + s. Calculate the remainder when 5 is divided by c.
2
Let a be 5 + (4/(-2))/(-2). Let y(q) = -q**2 + 6*q + 1. Suppose 0 = 4*u + 20, 10 + 5 = 5*s - u. What is the remainder when s is divided by y(a)?
0
Suppose 3*i + 113 = 5*u, -u + 3*i + 7 = -6. What is the remainder when 122 is divided by u?
22
Let p be (-2 - -2)/(-1 + 3). Suppose c = -p*c + 45. What is the remainder when c is divided by 24?
21
Let l = 3 + -1. Suppose -2*s + 5 = -0*u + 5*u, -10 = l*s. Suppose q - 9 = 3*w - 2*w, w - 9 = -q. What is the remainder when q is divided by u?
0
Let x = 83 + -40. What is the remainder when x is divided by 15?
13
Suppose z = -0*z + 46. Calculate the remainder when z is divided by 12.
10
Suppose 4*k + 108 + 10 = 2*w, -2*k = -4. Calculate the remainder when w is divided by 18.
9
Let d = -27 + 55. Let h(l) = -l**2 - 11*l - 11. Calculate the remainder when 2/(-1) + d + -1 is divided by h(-8).
12
Let i = 14 + 11. Let u = 17 + -8. What is the remainder when i is divided by u?
7
Let k(x) = 2*x**2 + 2*x - 27. What is the remainder when k(-7) is divided by 15?
12
Suppose -8 = -o - 3*o. What is the remainder when 22 is divided by o - (-13 + 3)*1?
10
Let l(w) = w**2 - 3*w + 6. Let f be l(5). Suppose -f*z = -14*z - 12. What is the remainder when z is divided by 3?
0
What is the remainder when 110 is divided by 0 - (-284)/10 - 14/35?
26
Suppose -3*t = 5*a + 6, t - 7*a = -3*a + 15. Suppose -33 = -3*o - t. What is the remainder when 29 is divided by o?
9
Suppose -5*t - 2*i + 60 = -i, -3*t = -3*i - 36. What is the remainder when (4*22)/4 - 0 is divided by t?
10
Let g = -9 + 5. Suppose -h - 2*h + 51 = 0. What is the remainder when h is divided by 1/g + (-105)/(-20)?
2
Suppose 2*h - 20 = -6. Calculate the remainder when 18 is divided by h.
4
Suppose 0 = n - 7 - 9. Suppose -2*k = -10, -4*v + k + 57 = 6*k. Let b(p) = -p**3 + 9*p**2 - p - 9. Calculate the remainder when b(v) is divided by n.
15
Suppose 6*p + 4*k - 22 = 5*p, -5*p - 3*k + 93 = 0. Suppose 4*o = -3*q + o + 150, 4*q + o - 203 = 0. What is the remainder when q is divided by p?
15
Suppose 0 = 5*c + 10, 0 = 5*g - 5*c - 284 - 56. What is the remainder when g is divided by 23?
20
Let j = 22 - 16. Let l = j - 7. What is the remainder when 38 is divided by (-41)/(-2) + l/2?
18
Let m(b) = -b**2 + 4. Let w be m(0). Suppose n + 92 = 2*n - w*x, -3*x + 64 = n. Calculate the remainder when n is divided by 26.
24
Let x = -111 - -222. Calculate the remainder when x is divi